{"id":2905,"date":"2019-11-07T13:50:27","date_gmt":"2019-11-07T11:50:27","guid":{"rendered":"http:\/\/www.showlinkshow.fi\/?page_id=2905"},"modified":"2025-04-14T10:45:34","modified_gmt":"2025-04-14T07:45:34","slug":"mobiililuettelo","status":"publish","type":"page","link":"https:\/\/www.showlinkshow.fi\/?page_id=2905","title":{"rendered":"Mobiililuettelo"},"content":{"rendered":"<div class=\"post-content\">\n<a href=\"https:\/\/play.google.com\/store\/apps\/details?id=fi.prettybitprojects.showlinkmobiili\"><img decoding=\"async\" src=\"http:\/\/www.showlink.fi\/showlinkshow\/wp-content\/uploads\/2019\/googleplay_mobiililuettelo.jpg\"><\/a>\n<a href=\"https:\/\/apps.apple.com\/us\/app\/showlink\/id1229559950\"><img decoding=\"async\" src=\"http:\/\/www.showlink.fi\/showlinkshow\/wp-content\/uploads\/2019\/app_store_mobiililuettelo.jpg\"><\/a>\n\n\n\n<h3 class=\"wp-block-heading\">Showlink-mobiili<\/h3>\n\n\n\n<p>Showlink-mobiili on n\u00e4yttelyn tulospalvelun ja n\u00e4yttelyluettelon tarjoava sovellus. Showlink-mobiili voi olla n\u00e4yttelyss\u00e4 k\u00e4yt\u00f6ss\u00e4 ainoana luettelona tai paperisen luettelon rinnalla. K\u00e4ytt\u00e4jille mobiilisovellus on ladattavissa App Store- ja Google Play -sovelluskaupoista nimell\u00e4 \u201dShowlink-mobiili\u201d. Sovellus itsess\u00e4\u00e4n on maksuton. Sovelluksesta ostettavan mobiililuettelon hinta on 3,49 \u20ac.<\/p>\n\n\n\n<h3 class=\"wp-block-heading\">Kirjautuminen<\/h3>\n\n\n\n<p>Kirjautuminen tapahtuu samoilla k\u00e4ytt\u00e4j\u00e4tunnuksilla, joilla kirjaudutaan <a href=\"https:\/\/ilmoittautuminen.kennelliitto.fi\/\" target=\"_blank\" rel=\"noopener\" title=\"\">ilmoittautumisj\u00e4rjestelm\u00e4\u00e4n.<\/a> Sovellusta voi k\u00e4ytt\u00e4\u00e4 my\u00f6s kirjautumatta, mutta kirjautumalla sovellukseen saat hy\u00f6dynnetty\u00e4 mobiilia laajemmin:<br>\u2013 Mobiililuettelossa tekem\u00e4si ostokset j\u00e4\u00e4v\u00e4t k\u00e4ytt\u00e4j\u00e4tunnuksen taakse talteen, jolloin voit tarkastella niit\u00e4 halutessasi my\u00f6s my\u00f6hemmin, tai laitteen vaihtuessa vanhat luettelot s\u00e4ilyv\u00e4t tallessa. Ilman kirjautumista ostettu mobiililuettelo on laitekohtainen, eik\u00e4 sit\u00e4 ole mahdollista siirt\u00e4\u00e4 toiseen mobiililaitteeseen oston j\u00e4lkeen.<br>\u2013 Mobiililuettelossa tekem\u00e4si kirjanmerkit ja muistiinpanot s\u00e4ilyv\u00e4t tietokannassa k\u00e4ytt\u00e4j\u00e4tunnuksesi avulla<br>\u2013 Mobiililuettelossa n\u00e4kyy ne n\u00e4yttelyt korostettuna, joihin olet ilmoittanut koiria \u2013 edellytt\u00e4en, ett\u00e4 ilmoittautuminen on tehty sis\u00e4\u00e4n kirjautuneena ilmoittautumisj\u00e4rjestelm\u00e4\u00e4n.<\/p>\n\n\n\n<h3 class=\"wp-block-heading\">Luettelo<\/h3>\n\n\n<div class=\"wp-block-image\">\n<figure class=\"alignleft size-full is-resized\"><img loading=\"lazy\" decoding=\"async\" width=\"1125\" height=\"2243\" src=\"https:\/\/www.showlinkshow.fi\/wp-content\/uploads\/2025\/04\/luettelokuva1-1.jpg\" alt=\"\" class=\"wp-image-4875\" style=\"width:308px;height:auto\"\/><\/figure>\n<\/div>\n\n<div class=\"wp-block-image\">\n<figure class=\"alignleft size-full is-resized\"><img loading=\"lazy\" decoding=\"async\" width=\"1125\" height=\"2241\" src=\"https:\/\/www.showlinkshow.fi\/wp-content\/uploads\/2025\/04\/luettelokuva2-1.jpg\" alt=\"\" class=\"wp-image-4874\" style=\"width:308px;height:auto\"\/><\/figure>\n<\/div>\n\n\n<p class=\"has-text-align-left\">N\u00e4yttelykohtaiset luettelotiedot ilmestyv\u00e4t myyntiin n\u00e4yttely\u00e4 edelt\u00e4v\u00e4ll\u00e4 viikolla. Luettelon koiratietojen ostoa tarjotaan, kun k\u00e4ytt\u00e4j\u00e4 valitsee n\u00e4yttelyn sovelluksen n\u00e4yttelylistassa ja siin\u00e4 on n\u00e4kyvill\u00e4 tyhj\u00e4 mobiililaitekuvake.<\/p>\n\n\n<div class=\"wp-block-image\">\n<figure class=\"alignleft size-large\"><img loading=\"lazy\" decoding=\"async\" width=\"40\" height=\"52\" src=\"https:\/\/www.showlinkshow.fi\/wp-content\/uploads\/2021\/02\/image-16.png\" alt=\"\" class=\"wp-image-3607\"\/><\/figure>\n<\/div>\n\n<div class=\"wp-block-image\">\n<figure class=\"alignleft size-large\"><img loading=\"lazy\" decoding=\"async\" width=\"40\" height=\"53\" src=\"https:\/\/www.showlinkshow.fi\/wp-content\/uploads\/2021\/02\/image-17.png\" alt=\"\" class=\"wp-image-3608\"\/><\/figure>\n<\/div>\n\n\n<p>Kun luettelo on ostettu, muuttuu mobiililaitekuvake ja siin\u00e4 n\u00e4kyy sis\u00e4lt\u00f6\u00e4. Sovelluksessa luettelon koiratiedot julkaistaan n\u00e4yttelyp\u00e4iv\u00e4n aamuna klo 6:00. <\/p>\n\n\n\n<p>Mik\u00e4li s\u00e4hk\u00f6ist\u00e4 n\u00e4yttelyluetteloa koiratietojen osalta ei hanki tapahtuman osalta k\u00e4ytt\u00f6\u00f6n sovelluksesta, on sovelluksessa selailtavissa t\u00e4st\u00e4 huolimatta maksuttomat n\u00e4yttelykohtaiset tiedot. N\u00e4yttelykohtaisissa tiedoissa ovat selattavissa jo ennen n\u00e4yttely\u00e4 mm. n\u00e4yttelyn aikataulut, n\u00e4yttelyn ohjelma ja keh\u00e4kartta.<\/p>\n\n\n\n<hr class=\"wp-block-separator has-text-color has-white-color has-alpha-channel-opacity has-white-background-color has-background\"\/>\n\n\n\n<hr class=\"wp-block-separator has-text-color has-white-color has-alpha-channel-opacity has-white-background-color has-background\"\/>\n\n\n\n<hr class=\"wp-block-separator has-text-color has-white-color has-alpha-channel-opacity has-white-background-color has-background\"\/>\n\n\n\n<hr class=\"wp-block-separator has-text-color has-white-color has-alpha-channel-opacity has-white-background-color has-background\"\/>\n\n\n\n<hr class=\"wp-block-separator has-text-color has-white-color has-alpha-channel-opacity has-white-background-color has-background\"\/>\n\n\n\n<hr class=\"wp-block-separator has-text-color has-white-color has-alpha-channel-opacity has-white-background-color has-background\"\/>\n\n\n\n<hr class=\"wp-block-separator has-text-color has-white-color has-alpha-channel-opacity has-white-background-color has-background\"\/>\n\n\n\n<hr class=\"wp-block-separator has-text-color has-white-color has-alpha-channel-opacity has-white-background-color has-background\"\/>\n\n\n\n<hr class=\"wp-block-separator has-text-color has-white-color has-alpha-channel-opacity has-white-background-color has-background\"\/>\n\n\n\n<hr class=\"wp-block-separator has-text-color has-white-color has-alpha-channel-opacity has-white-background-color has-background\"\/>\n\n\n\n<hr class=\"wp-block-separator has-text-color has-white-color has-alpha-channel-opacity has-white-background-color has-background\"\/>\n\n\n\n<hr class=\"wp-block-separator has-text-color has-white-color has-alpha-channel-opacity has-white-background-color has-background\"\/>\n\n\n<div class=\"wp-block-image\">\n<figure class=\"alignleft size-full is-resized\"><img loading=\"lazy\" decoding=\"async\" width=\"1125\" height=\"2212\" src=\"https:\/\/www.showlinkshow.fi\/wp-content\/uploads\/2025\/04\/luettelokuva3.jpg\" alt=\"\" class=\"wp-image-4876\" style=\"width:308px;height:auto\"\/><\/figure>\n<\/div>\n\n\n<p class=\"has-text-align-left\">Luettelosta avautuu n\u00e4yttelyn valinnan j\u00e4lkeen mobiililuettelon n\u00e4kym\u00e4n\u00e4 ensimm\u00e4iseksi n\u00e4kym\u00e4ksi luettelon kansikuva, etusivu. Sovelluksen valikko on alareunassa ja kuvakkeista l\u00f6ytyy eri valintoja. Sovelluksen oikean yl\u00e4reunan (sovelluksessa n\u00e4kyviss\u00e4 kolme viivaa) kautta p\u00e4\u00e4set selaamaan n\u00e4yttelyn ohjelmaa, keh\u00e4karttaa, muistiinpanoja ja tilastotietoja.<\/p>\n\n\n<div class=\"wp-block-image\">\n<figure class=\"alignleft size-full is-resized\"><img loading=\"lazy\" decoding=\"async\" width=\"1125\" height=\"209\" src=\"https:\/\/www.showlinkshow.fi\/wp-content\/uploads\/2025\/04\/luettelokuva4.jpg\" alt=\"\" class=\"wp-image-4877\" style=\"width:362px;height:auto\"\/><\/figure>\n<\/div>\n\n\n<p><br><\/p>\n\n\n\n<p><br>\u2013 Kohdasta <em>Keh\u00e4t<\/em> l\u00f6yd\u00e4t n\u00e4yttelyn aikataulut kehitt\u00e4in. Avataksesi useamman keh\u00e4n seurantaan samaan aikaan, paina ensin haluamaasi keh\u00e4\u00e4, jonka j\u00e4lkeen uudestaan alareunasta <em>Keh\u00e4t<\/em>, ja seuraavaa haluamaasi keh\u00e4\u00e4. T\u00e4m\u00e4 luo kehist\u00e4 erilliset v\u00e4lilehdet <em>Luettelo<\/em>-sivulle.<br>\u2013 Koirakuvakkeesta aukeavat rotulistat, josta p\u00e4\u00e4see valitsemaan rodut, joita haluaa n\u00e4yttelyss\u00e4 seurata. <br>\u2013 Kohdasta <em>Luettelo<\/em> p\u00e4\u00e4see palaamaan suoraan niihin kehiin, mit\u00e4 n\u00e4yttelyss\u00e4 seuraa.<br>\u2013 Pokaalikuvakkeesta aukeavat n\u00e4yttelyn ryhm\u00e4- ja BIS-kilpailujen tulokset.<\/p>\n\n\n\n<p><\/p>\n<\/div>","protected":false},"excerpt":{"rendered":"<p>Showlink-mobiili Showlink-mobiili on n\u00e4yttelyn tulospalvelun ja n\u00e4yttelyluettelon tarjoava sovellus. Showlink-mobiili<\/p>\n","protected":false},"author":1,"featured_media":0,"parent":2896,"menu_order":1,"comment_status":"closed","ping_status":"closed","template":"","meta":{"_monsterinsights_skip_tracking":false,"_monsterinsights_sitenote_active":false,"_monsterinsights_sitenote_note":"","_monsterinsights_sitenote_category":0,"_uf_show_specific_survey":0,"_uf_disable_surveys":false,"footnotes":""},"class_list":["post-2905","page","type-page","status-publish","hentry"],"aioseo_notices":[],"_links":{"self":[{"href":"https:\/\/www.showlinkshow.fi\/index.php?rest_route=\/wp\/v2\/pages\/2905","targetHints":{"allow":["GET"]}}],"collection":[{"href":"https:\/\/www.showlinkshow.fi\/index.php?rest_route=\/wp\/v2\/pages"}],"about":[{"href":"https:\/\/www.showlinkshow.fi\/index.php?rest_route=\/wp\/v2\/types\/page"}],"author":[{"embeddable":true,"href":"https:\/\/www.showlinkshow.fi\/index.php?rest_route=\/wp\/v2\/users\/1"}],"replies":[{"embeddable":true,"href":"https:\/\/www.showlinkshow.fi\/index.php?rest_route=%2Fwp%2Fv2%2Fcomments&post=2905"}],"version-history":[{"count":33,"href":"https:\/\/www.showlinkshow.fi\/index.php?rest_route=\/wp\/v2\/pages\/2905\/revisions"}],"predecessor-version":[{"id":4882,"href":"https:\/\/www.showlinkshow.fi\/index.php?rest_route=\/wp\/v2\/pages\/2905\/revisions\/4882"}],"up":[{"embeddable":true,"href":"https:\/\/www.showlinkshow.fi\/index.php?rest_route=\/wp\/v2\/pages\/2896"}],"wp:attachment":[{"href":"https:\/\/www.showlinkshow.fi\/index.php?rest_route=%2Fwp%2Fv2%2Fmedia&parent=2905"}],"curies":[{"name":"wp","href":"https:\/\/api.w.org\/{rel}","templated":true}]}}